38. Calculate u(-75).
262
Let t(q) = q**3 - 12*q**2 - 21*q - 56. Calculate t(14).
42
Let s(g) = g**3 + 21*g**2 + 100*g - 19. Give s(-14).
-47
Let y(t) = t**2 - 22*t + 147. Calculate y(5).
62
Let v(s) = -10*s**2 + 12655*s + 12654. Calculate v(-1).
-11
Let p(w) = w**2 + 28*w - 3413. What is p(46)?
-9
Let l(q) = -137*q + 2604. Calculate l(19).
1
Let a(m) = -2*m**3 - 10*m**2 - 33*m + 12. Give a(-4).
112
Let l(m) = -2*m**3 - 23*m**2 - 13*m + 161. Calculate l(-10).
-9
Let w(q) = -q - 355. What is w(-3)?
-352
Let w(s) = -s**2 + 587*s - 2325. What is w(4)?
7
Let g(n) = -37*n - 1735. Give g(-47).
4
Let b(i) = -105*i - 5595. Give b(-54).
75
Let n(r) = 2*r - 413. Determine n(-61).
-535
Let c(y) = 50*y + 1658. Calculate c(-25).
408
Let d(s) = -553*s - 2677. Determine d(-5).
88
Let k(p) = p**3 + 73*p**2 - 94*p - 1477. Give k(-74).
3
Let i(s) = -4*s**2 - 201*s - 201. Calculate i(-1).
-4
Let f(k) = -3*k**2 + 233*k - 230. Give f(1).
0
Let l(r) = -r**3 + 3*r**2 - 17*r - 48. What is l(-3)?
57
Let g(o) = 3*o**2 - 32*o - 31. Determine g(15).
164
Let j(y) = 2*y**2 + 13*y - 30. Give j(-9).
15
Let n(s) = s**3 - 64*s**2 - 283*s + 758. Calculate n(68).
10
Let a(m) = 7*m**2 + 89*m - 373. Calculate a(-16).
-5
Let k(z) = -92*z - 383. Calculate k(-5).
77
Let x(p) = -10*p**2 + 306*p + 3279. Determine x(39).
3
Let j(m) = -2*m**2 + 33*m - 47. Calculate j(16).
-31
Let a(c) = -5003*c - 19993. Determine a(-4).
19
Let y(p) = p**2 - 139*p - 848. What is y(-6)?
22
Let g(k) = 1025*k - 4092. Determine g(4).
8
Let h(t) = 63*t - 910. Give h(16).
98
Let s(j) = 754*j - 12068. Give s(16).
-4
Let l(q) = 94*q - 411. Determine l(6).
153
Let j(v) = v**2 + 65*v + 176. Calculate j(-18).
-670
Let r(t) = -t**3 - 5*t**2 + 951*t + 3802. Calculate r(-4).
-18
Let x(n) = 80*n + 1330. What is x(-17)?
-30
Let s(w) = -33*w**3 - 4*w + 8. Determine s(2).
-264
Let c(b) = 45*b - 2900. Determine c(65).
25
Let n(v) = v**2 - 355*v - 6316. Give n(-17).
8
Let x(c) = -6*c**2 - 17*c - 49. Give x(-7).
-224
Let w(s) = -242*s + 493. What is w(2)?
9
Let q(g) = -g**3 + 2*g**2 - 2*g - 2. Calculate q(-8).
654
Let s(z) = 107*z - 1198. Give s(11).
-21
Let z(t) = -127*t - 13242. What is z(-103)?
-161
Let k(q) = 111*q + 2995. Give k(-27).
-2
Let l(j) = -j**3 + 15*j**2 + 15*j - 227. What is l(15)?
-2
Let k(i) = -21*i**3 - 3*i**2 + 2. Determine k(1).
-22
Let x(b) = -b**3 - 4*b**2 + 11*b - 120. Calculate x(-7).
-50
Let w(n) = -1304*n - 5218. Calculate w(-4).
-2
Let j(v) = -2*v**2 - 1675*v - 6678. What is j(-4)?
-10
Let c(x) = 24*x**3 + 6*x + 10. Determine c(-2).
-194
Let d(f) = 3*f**3 - 128*f**2 - 42*f - 36. Give d(43).
7
Let a(c) = -115*c**3 - 2074*c**2 - 70*c + 37. Give a(-18).
1
Let t(f) = -2*f**3 - 11*f**2 - 18*f - 112. Give t(-5).
-47
Let j(n) = -n**3 - 141*n**2 + 594*n - 48. What is j(4)?
8
Let l(q) = -111*q + 8790. Calculate l(79).
21
Let d(o) = o**3 - o**2 + 126. Calculate d(0).
126
Let u(j) = -5*j**2 + 1324*j - 21071. Give u(17).
-8
Let b(h) = -4*h**3 - 25*h**2 - 43*h + 4. Determine b(-2).
22
Let w(v) = -3*v**3 - 31*v**2 + 347*v + 96. Give w(-17).
-23
Let w(n) = -n**3 - 17*n**2 - 46*n + 28. Give w(-4).
4
Let o(i) = 7*i**2 - 826*i - 13. Calculate o(118).
-13
Let a(z) = -7*z**3 - 56*z**2 + 230*z + 2. Calculate a(4).
-422
Let g(z) = -10*z**2 + 84*z + 95. Calculate g(9).
41
Let f(y) = y**2 + 21*y + 55. Calculate f(-16).
-25
Let i(z) = z**3 + 48*z**2 + 51*z + 2528. Calculate i(-48).
80
Let z(i) = -105*i + 536. Give z(5).
11
Let r(y) = 5*y**2 + 63*y - 9. Calculate r(5).
431
Let v(h) = -145*h + 135. Give v(0).
135
Let r(s) = -23*s + 749. Determine r(33).
-10
Let f(a) = -37*a - 2992. Give f(-79).
-69
Let v(q) = 2*q + 11. Calculate v(-9).
-7
Let l(q) = q**2 - 30*q + 49. What is l(2)?
-7
Let a(k) = -k**3 - 5*k**2 + 83*k + 3. Calculate a(7).
-4
Let p(u) = -2*u**2 + 285*u - 2011. Determine p(135).
14
Let f(q) = q**3 + 20*q**2 + 5*q + 100. Calculate f(-18).
658
Let x(i) = 3*i**3 + 19*i**2 + 29*i + 37. Determine x(-5).
-8
Let b(j) = j**3 - 11*j**2 + 21*j - 31. Determine b(11).
200
Let y(d) = -d**3 + 8*d**2 - 4*d - 5. Calculate y(0).
-5
Let k(u) = -43*u - 1806. Give k(-42).
0
Let c(h) = -12511*h - 37531. Give c(-3).
2
Let f(c) = -2*c**2 - 72*c - 120. Give f(-31).
190
Let d(q) = -q**3 - 8*q**2 + 103*q + 228. Determine d(-2).
-2
Let m(f) = 42*f + 301. What is m(-13)?
-245
Let k(j) = -j**2 + 51*j - 631. What is k(21)?
-1
Let t(b) = b**3 + 12*b**2 + 50*b + 7. Give t(-5).
-68
Let v(u) = 236*u - 4942. What is v(21)?
14
Let k(w) = -122*w + 2616. What is k(21)?
54
Let j(o) = 4*o**2 - 12*o - 211. Calculate j(10).
69
Let l(b) = -87*b + 176. Calculate l(2).
2
Let n(o) = o**3 + 285*o**2 - 1457*o - 1. What is n(5)?
-36
Let p(m) = -1602*m - 32049. Determine p(-20).
-9
Let p(u) = 12*u**2 - 24*u + 6. Give p(2).
6
Let w(x) = x**3 + x**2 + 17*x + 17. What is w(-3)?
-52
Let l(p) = p**3 - 7*p**2 + 5*p - 16. What is l(7)?
19
Let v(j) = 2*j**2 + 19*j + 12. What is v(-10)?
22
Let o(w) = -203*w + 1833. Give o(9).
6
Let b(o) = -2*o**2 + 534*o - 4637. Determine b(9).
7
Let f(o) = 5*o**3 - 56*o**2 + 9*o + 9. What is f(11)?
-13
Let r(f) = -f**2 + 72*f - 398. Determine r(66).
-2
Let y(v) = v**2 - 23844*v + 143021. What is y(6)?
-7
Let j(h) = -12149*h + 72892. What is j(6)?
-2
Let h(p) = 2*p**2 + 73*p - 1371. Give h(-50).
-21
Let l(z) = 2*z**3 + 5*z**2 + 6*z + 82. Calculate l(0).
82
Let n(p) = -p**3 - 3*p**2 - 67*p - 275. Give n(-4).
9
Let w(s) = 1127*s + 37200. Give w(-33).
9
Let v(a) = a**3 + 2174*a + 8. What is v(0)?
8
Let k(m) = -4*m**2 - 164*m + 147. Determine k(-42).
-21
Let b(n) = 21*n**2 - 8*n + 16. Determine b(2).
84
Let s(y) = -y**3 - 9*y**2 - 1521*y - 10535. Determine s(-7).
14
Let h(p) = p**3 + 2*p**2 + 25*p + 51. Calculate h(-2).
1
Let l(u) = -u**3 + 3*u**2 + 75*u - 16. What is l(10)?
34
Let a(h) = 35*h**3 + 22*h**2 - 21*h - 3. Calculate a(1).
33
Let i(t) = 302*t - 14. Calculate i(1).
288
Let p(z) = 15*z**2 + 5*z + 10. Give p(-2).
60
Let y(n) = -n**2 - 40*n - 410. Give y(-18).
-14
Let g(w) = 127*w + 245. Calculate g(-2).
-9
Let u(o) = 13*o + 325. Give u(24).
637
Let n(o) = o**3 - 14*o**2 + 15*o - 102. Determine n(13).
-76
Let m(l) = l**2 + 5. Give m(4).
21
Let h(l) = -81*l**2 - 3726*l - 4. Determine h(-46).
-4
Let i(l) = l**3 + 110*l**2 - 126*l - 1765. Give i(-111).
-100
Let k(x) = 5*x**2 + 26*x - 33. What is k(-8)?
79
Let g(c) = 22*c**2 + 4*c - 10. Calculate g(-3).
176
Let t(r) = r**3 + 29*r**2 - 174*r - 6154. Give t(-27).
2
Let x(b) = -3*b**3 + 151*b**2 - 198*b - 27. Give x(49).
-125
Let m(q) = q**2 - 331*q + 1620. What is m(5)?
-10
Let a(q) = -31*q + 81. Give a(-8).
329
Let q(z) = 2*z**2 - 10*z + 1. Determine q(-6).
133
Let v(s) = -3435*s - 3436. Determine v(-1).
-1
Let m(d) = 5*d**2 - 3*d + 14. Calculate m(7).
238
Let y(f) = 78*f + 201. Calculate y(-16).
-1047
Let g(k) = -2*k**3 + 2*k**2 + 7*k - 2. Give g(6).
-320
Let r(h) = -h**2 - 23*h - 4. Determine r(-22).
18
Let o(r) = -43*r - 55. Give o(0).
-55
Let j(r) = -r**3 - 5*r**2 + 11*r + 30. Give j(-5).
-25
Let h(o) = 2*o**3 + 33*o**2 + 4*o - 335. Calculate h(-16).
-143
Let v(a) = a**3 + 9*a**2 - 35*a + 27. Determine v(-10).
277
Let v(w) = w**3 - 31*w**2 + 36*w - 145. Give v(30).
35
Let g(z) = z**3 + 87*z**2 - 181*z - 259. What is g(-89)?
8
Let p(l) = l**2 - 11*l + 42. What is p(8)?
18
Let i(t) = 175*t + 930. Calculate i(-6).
-120
Let k(a) = -566*a - 109. Determine k(2).
-1241
Let l(c) = c**3 - 40*c**2 - 54*c + 2155. Calculate l(40).
-5
Let u(n) = -5*n - 67. Determine u(-20).
33
Let u(p) = -3*p**3 + 36*p**2 - 20*p - 105. What is u(11)?
38
Let p(w) = w**2 + 25*w - 442. Calculate p(11).
-46
Let d(w) = -590*w + 7068. Determine d(12).
-12
Let v(i) = -i**2 - 36*i - 142. Give v(-30).
38
Let g(p) = -556*p + 128991. What is g(232)?
-1
Let v(r) = -363*r**2 - r. Calculate v(1).
-364
Let g(j) = -j**2 + 50*j - 470. Give g(37).
11
Let f(n) = -n**2 - 176*n + 1303. Give f(7).
22
Let y(p) = 2818*p - 129633. Determine y(46).
-5
Let g(x) = -4*x**2 - 155*x - 154. What is g(-38)?
-40
Let c(w) = -996*w + 44825. Calculate c(45).
5
Let t(a) = a**3 + 17*a**2 + 26. Determine t(-17).
26
Let n(s) = s**3 - 4*s**2 - 32*s + 13. Determine n(-4).
13
Let g(t) = -t**3 + 21*t**2 - 110*t + 49. Give g(13).
-29
Let k(z) = -17*z**3 + 288*z**2 + 12*z + 119. Give k(17).
34
Let x(z) = z**2 + 147*z + 4640. Give x(-46).
-6
Let s(r) = 42*